at is the hundreds digit of g?
9
Suppose 0 = x - 5790 - 1738 - 2350. What is the hundreds digit of x?
8
Let p(a) be the first derivative of 2 + 9/2*a**2 + 6*a + 3*a**3 + 1/4*a**4. What is the units digit of p(-6)?
0
Suppose -8*z + 3*r = -5*z - 20277, 33807 = 5*z - 3*r. What is the units digit of z?
5
Suppose -182 = 3*p - 0*p - 5*n, -4*n = 8. Let o = p + 54. Let f(m) = -m**3 - 8*m**2 + 8*m + 23. What is the tens digit of f(o)?
4
Suppose -25*a + 1498139 = -87786. What is the ten thousands digit of a?
6
Let q(f) = -4*f**3 + 34*f**2 + 52*f - 22. Let x(b) = b**3 - b - 2. Let c(a) = -q(a) - 5*x(a). What is the units digit of c(-33)?
4
Let u = -7261 + 22479. What is the units digit of u?
8
Let u = -53 + 97. Let f be u/6*(-36)/1*-2. Suppose -10*c + 13*c = f. What is the tens digit of c?
7
Let a be 39/9 + (-3)/9 - 1. Suppose -a*k = -353 - 589. What is the hundreds digit of k?
3
Let b = 1633 - 794. Suppose 5881 = 5*u - b. Suppose -2*x + u = 5*x. What is the tens digit of x?
9
Let u = 51706 - 16814. What is the tens digit of u?
9
Let n(o) = -o**3 - 16*o**2 + 7*o + 15. Let i be (-2 - 1) + (-13 - (-4 + 4)). Let q be n(i). What is the tens digit of 12/18*12/(-8)*q?
9
Let l = -1180 + 5706. What is the thousands digit of l?
4
Let l = -272 + 273. What is the units digit of (8 + -5)*l*68/12?
7
Let t(n) = -26*n - 179. Let k be t(-7). Let y = -54 + 80. Suppose -5*b + y + 60 = i, -k*i = 3*b - 42. What is the units digit of b?
8
Suppose -10238 = -3*u + 5*r + 16853, -5*u - 5*r + 45125 = 0. What is the units digit of u?
7
Let q be (3/(-3 + 0))/((-1)/5). Suppose k + q*d - 344 = 696, -4*d - 1031 = -k. Suppose -v + k = 4*v. What is the hundreds digit of v?
2
Let n = -13520 + 28859. What is the thousands digit of n?
5
Let p = 33 + 218. Let j(q) = -q**2 - 23*q + 3. Let h be j(-23). Suppose h*u = p - 26. What is the tens digit of u?
7
Suppose -r + 3*h = -11708, 4*r - 46788 = -2*h + 3*h. What is the ten thousands digit of r?
1
What is the units digit of (485/(-291))/(25/(-525570))?
8
Suppose 5*z - 59 + 0 = -34. Let n = 494 - 340. Suppose 440 = z*s - 3*o + 4*o, 2*s - 4*o - n = 0. What is the tens digit of s?
8
Let k = -369 - -1195. Suppose -425 = -b - 2*o, -o - k = -2*b + o. Suppose -b = -7*h + 276. What is the tens digit of h?
9
Let b(o) = -27*o - 39. Let g(q) be the first derivative of -13*q**2/2 - 19*q + 5. Let k(f) = -6*b(f) + 13*g(f). What is the units digit of k(-10)?
7
Let d(x) = 20*x**2 + 385*x + 3062. What is the hundreds digit of d(-8)?
2
Let k(o) = -o**2 + 23*o + 6. Let z be k(9). Suppose 8*h - z = -4*h. What is the units digit of h?
1
Let q be 3 + -1*(-2370)/((-3)/(-1)). Let m = q - 395. What is the units digit of m?
8
Suppose 627242 = 50*m - 177608. What is the ten thousands digit of m?
1
Let a(x) = x**2 - 6*x - 1. Let n be a(7). Let d be (6/(-9))/(3 + (-19)/n). Let i = 138 - d. What is the units digit of i?
4
Suppose -n + 3*w = -130, -3*w = -3*n - 4*w + 370. What is the hundreds digit of 34*(-3 + n/8)?
4
Suppose 24369 = 32*c - 5295. What is the tens digit of c?
2
Let l(h) = h**3 + 19*h**2 + 87*h - 90. Let u be l(-13). Suppose q + 78 = -67. Let r = q - u. What is the tens digit of r?
6
Let x = 211 + -223. What is the hundreds digit of 790 - -6*2/x?
7
Let n(b) = -4*b**3 - 2*b**2 + 2*b - 2. Let p be n(1). Let y(d) = -58*d + 39. What is the hundreds digit of y(p)?
3
Let v = -4613 - -4843. What is the hundreds digit of v?
2
Let c be 96/10 + (-4)/(-10). Suppose c*x - 15*x + 110 = 0. Let h = 50 - x. What is the units digit of h?
8
Suppose 2*h = 5*z - 1434, 0 = h - 2*z + 619 + 97. What is the tens digit of h/(-3) - (-6)/(-18)?
3
Let a = -55 - -98. Let t = a + -32. Suppose 5*i = t*i - 294. What is the units digit of i?
9
Let s be (-3 - 0/1) + (-87 - -86). Let y be (s - -6)*2 - (-102 + 3). Suppose -11*h + 10*h = -y. What is the units digit of h?
3
Let t = 15 - 13. Let q(o) = -13 - 3*o**3 + 11*o**t - 32*o + 36*o + 4*o**3. What is the units digit of q(-10)?
7
Let m(o) = -o**2 - 7*o + 21. Suppose 4*s + 2*f = 6, 4*f + 14 = s - 1. Suppose s*b - 5*g + 21 = 0, 0 = 3*g + 2*g. What is the units digit of m(b)?
1
Let i = -20 + 39. Let x = i - 21. What is the tens digit of 1 - x*388/8 - 2?
9
Suppose 35*l = -95802 + 7812. What is the units digit of l/(-4) + 42/(-12)?
5
Suppose 3*c = -5*o - 14190, -o + 3*c - 2821 = 7*c. Let r = 4368 + o. What is the hundreds digit of r/9 + 20/(-30)?
1
What is the thousands digit of (-14)/(-2) + 19392/(-25 + 31)?
3
Suppose l = 0, 2*l + 202 - 930 = 2*p. Let y = -118 - p. What is the units digit of y?
6
Suppose 3*r - 7 - 8 = 0. Suppose i - 23 = r*h, i + 2*h - 5 = h. Suppose i*q - 12*q = -424. What is the hundreds digit of q?
1
Let v = 41 - 39. Suppose -5*q = 4*w - 24, 3*w + v*w = 2*q - 3. Suppose -q*i = -i - 309. What is the tens digit of i?
0
Let q(u) = 2863*u - 457. What is the thousands digit of q(4)?
0
Let d = -11349 - -11845. What is the units digit of d?
6
Let l(b) = b**2 - 23*b + 47. Let w be l(21). Suppose 6*t = z + 7*t - 220, 0 = -w*z + t + 1112. What is the units digit of z?
2
Let q(t) be the second derivative of -5*t**3/3 + 40*t**2 + 96*t. What is the hundreds digit of q(-24)?
3
Suppose 2*f = 7*f - g - 14208, -3*g = -3*f + 8520. What is the thousands digit of f?
2
Suppose 3*f + 96 = 2*m + m, -f = -2*m + 61. Let g = m - 38. What is the tens digit of (-36)/4*1*g?
8
Let l(f) = 6*f + 15. Let c be 2/(-5) - (-6 - 1168/20). Suppose 4*a + o = -12 + c, 4*a + 3*o - 60 = 0. What is the units digit of l(a)?
7
Let n = -7314 - -10659. Suppose 3*v - 5*a = 3469, -3*v + n = 3*a - 132. What is the tens digit of v?
5
Let h = -1045 - -1613. Suppose 0*v = -2*b + 4*v + 548, v - h = -2*b. Suppose 13*l - b = 10*l. What is the tens digit of l?
9
Let h(s) = 2*s**3 - 14*s**2 + 689*s + 130. What is the ten thousands digit of h(25)?
3
Suppose 3*v + 2*l - 109590 = 0, 2*v - 2*l - 20151 = 52919. What is the thousands digit of v?
6
Let r(u) = 1283*u - 50. What is the ten thousands digit of r(9)?
1
Let x(r) be the third derivative of 2*r**5/5 + r**4/12 - r**3/3 + 2*r**2 + 190*r. Let d be -3 + 2/(3 - 1). What is the tens digit of x(d)?
9
Suppose -7946 = -p + 2*z + 17807, -p - 5*z = -25718. What is the units digit of p?
3
What is the tens digit of ((-19490)/6)/((-2270)/2724)?
9
Let j(p) = p**3 - 3*p**2 - 18*p + 2. Let y be j(6). Suppose 21 = y*c - 1. Suppose c*b + 315 = 14*b. What is the units digit of b?
5
Let u be -3 + 40986/30 + 8/10. Let v = -340 + u. What is the tens digit of v?
2
What is the units digit of 16*449119/726 + 12/198?
8
Suppose -3*i = 2*d - 3, -4*d - i + 3 = 2*i. Suppose d = 4*w - 5*o + 2, 5*w - 3*o - 4 = -0. What is the tens digit of (-486)/(-14) - w/(-7)?
3
Let b = 18154 - 17777. What is the hundreds digit of b?
3
Let y = 74 - 135. Let m = 21 - y. Let d = 94 + m. What is the tens digit of d?
7
Let y(r) = 57*r + 385. Let q be ((-16)/(-14) - 2)*252/(-18). What is the units digit of y(q)?
9
Suppose 35*a = -298*a + 18375273. What is the thousands digit of a?
5
Let b(p) = -284*p + 211. What is the tens digit of b(-20)?
9
Let q = -2290 - -2990. What is the tens digit of q?
0
Suppose -5*c + 4*x = -137367, 19*c = 14*c - 2*x + 137349. What is the ten thousands digit of c?
2
Suppose p + 711 - 153 = 0. Let z = p - -1007. What is the units digit of z?
9
Suppose 7*h = -2*n + 17278, -n + 2861 + 5776 = 4*h. What is the tens digit of n?
5
Suppose 97*b = -145*b + 2380312. What is the units digit of b?
6
Let g(d) be the first derivative of d + 1/3*d**3 + 11 - d**2 + 47/4*d**4. What is the units digit of g(1)?
7
Suppose 2*u - 4*c + 2 = 0, 0 = -4*u - u + 3*c - 40. Let i(r) = -r**2 - 17*r + 52. What is the hundreds digit of i(u)?
1
Let f be 5335/(-231) - 2/(-21). What is the units digit of (f - -24)*(-1592)/(-2)?
6
Suppose 0 = -27*h + 926414 - 337841. What is the hundreds digit of h?
7
Suppose 5*q + 205 = 4*y, -2*y + 107 = -0*y - q. Suppose 44*o - y*o = -7535. What is the hundreds digit of o?
6
Suppose 197*t - 4*r - 13451 = 196*t, -53736 = -4*t - r. What is the thousands digit of t?
3
Let o be (4 - 36/8)/(2/1936). Let a = 110 + -282. Let i = a - o. What is the hundreds digit of i?
3
Let t be 0/(2 + -2 + (2 - 4)). Suppose q = -t*q. Suppose 7*z + 6*z - 897 = q. What is the tens digit of z?
6
Suppose 2294 + 1153 = 9*g. Suppose -6*y = 649 + g. Let i = -90 - y. What is the tens d